{"id":4165,"date":"2015-09-10T11:25:05","date_gmt":"2015-09-10T09:25:05","guid":{"rendered":"https:\/\/www.blunk-gmbh.de\/landwirtschaft-bioenergie\/?page_id=4165"},"modified":"2020-07-23T01:38:56","modified_gmt":"2020-07-22T23:38:56","slug":"ruebenwaesche","status":"publish","type":"page","link":"https:\/\/www.blunk-gruppe.de\/agrar\/dienstleistungen\/rueben\/ruebenwaesche\/","title":{"rendered":"R\u00fcbenw\u00e4sche"},"content":{"rendered":"<div  class='flex_column av-206djhx-9dfa0078da86742304c89393f3d5241b av_one_full  avia-builder-el-0  el_before_av_hr  avia-builder-el-first  first flex_column_div  '     ><p>\n<style type=\"text\/css\" data-created_by=\"avia_inline_auto\" id=\"style-css-av-fqkqd-17224693659244fedd5defc497eeb636\">\n#top .av-special-heading.av-fqkqd-17224693659244fedd5defc497eeb636{\npadding-bottom:20px;\n}\nbody .av-special-heading.av-fqkqd-17224693659244fedd5defc497eeb636 .av-special-heading-tag .heading-char{\nfont-size:25px;\n}\n.av-special-heading.av-fqkqd-17224693659244fedd5defc497eeb636 .av-subheading{\nfont-size:15px;\n}\n<\/style>\n<div  class='av-special-heading av-fqkqd-17224693659244fedd5defc497eeb636 av-special-heading-h1 blockquote modern-quote modern-centered  avia-builder-el-1  el_before_av_image  avia-builder-el-first '><h1 class='av-special-heading-tag '  itemprop=\"headline\"  >R\u00fcbenw\u00e4sche &#8211; komplett kompakt vor Ort<\/h1><div class=\"special-heading-border\"><div class=\"special-heading-inner-border\"><\/div><\/div><\/div><br \/>\n\n<style type=\"text\/css\" data-created_by=\"avia_inline_auto\" id=\"style-css-av-1wuep3p-bb2a2f12207345452bb46b9b4b961dc1\">\n.avia-image-container.av-1wuep3p-bb2a2f12207345452bb46b9b4b961dc1 img.avia_image{\nbox-shadow:none;\n}\n.avia-image-container.av-1wuep3p-bb2a2f12207345452bb46b9b4b961dc1 .av-image-caption-overlay-center{\ncolor:#ffffff;\n}\n<\/style>\n<div  class='avia-image-container av-1wuep3p-bb2a2f12207345452bb46b9b4b961dc1 av-styling- avia-align-center  avia-builder-el-2  el_after_av_heading  el_before_av_textblock '   itemprop=\"image\" itemscope=\"itemscope\" itemtype=\"https:\/\/schema.org\/ImageObject\" ><div class=\"avia-image-container-inner\"><div class=\"avia-image-overlay-wrap\"><img decoding=\"async\" fetchpriority=\"high\" class='wp-image-9725 avia-img-lazy-loading-not-9725 avia_image ' src=\"https:\/\/www.blunk-gruppe.de\/agrar\/wp-content\/uploads\/sites\/9\/2020\/07\/blunk-ernte-rueben-waschen-in-mobiler-waschanlage.jpg\" alt='Blunk Ernte: R\u00fcben waschen in mobiler Waschanlage' title='blunk-ernte-rueben-waschen-in-mobiler-waschanlage'  height=\"270\" width=\"710\"  itemprop=\"thumbnailUrl\" srcset=\"https:\/\/www.blunk-gruppe.de\/agrar\/wp-content\/uploads\/sites\/9\/2020\/07\/blunk-ernte-rueben-waschen-in-mobiler-waschanlage.jpg 710w, https:\/\/www.blunk-gruppe.de\/agrar\/wp-content\/uploads\/sites\/9\/2020\/07\/blunk-ernte-rueben-waschen-in-mobiler-waschanlage-300x114.jpg 300w, https:\/\/www.blunk-gruppe.de\/agrar\/wp-content\/uploads\/sites\/9\/2020\/07\/blunk-ernte-rueben-waschen-in-mobiler-waschanlage-705x268.jpg 705w\" sizes=\"(max-width: 710px) 100vw, 710px\" \/><\/div><\/div><\/div><br \/>\n<section  class='av_textblock_section av-1uepret-ed320e233fa07f78abe537b392478042 '   itemscope=\"itemscope\" itemtype=\"https:\/\/schema.org\/CreativeWork\" ><div class='avia_textblock'  itemprop=\"text\" ><p>Mit unserer mobilen R\u00fcbenwaschanlage kommen wir direkt in Ihren Betrieb. F\u00fcr eine sichere Weiterverarbeitung der R\u00fcben enterden, waschen, entsteinen und zerkleinern wir Ihre Ernte vor Ort zuverl\u00e4ssig und effizient in einem Arbeitsgang.<\/p>\n<\/div><\/section><\/p><\/div>\n<div  class='hr av-1tvn8wl-6a97effda54ce16793b4fad16a425de3 hr-default  avia-builder-el-4  el_after_av_one_full  el_before_av_one_half '><span class='hr-inner '><span class=\"hr-inner-style\"><\/span><\/span><\/div>\n<div  class='flex_column av-1rqgebp-8f7d2cf070b29541438617107e2960c8 av_one_half  avia-builder-el-5  el_after_av_hr  el_before_av_one_half  first flex_column_div  '     ><style type=\"text\/css\" data-created_by=\"avia_inline_auto\" id=\"style-css-av-1q9zohx-2520de1bebe743bed3720c96381428a8\">\n.avia-image-container.av-1q9zohx-2520de1bebe743bed3720c96381428a8 img.avia_image{\nbox-shadow:none;\n}\n.avia-image-container.av-1q9zohx-2520de1bebe743bed3720c96381428a8 .av-image-caption-overlay-center{\ncolor:#ffffff;\n}\n<\/style>\n<div  class='avia-image-container av-1q9zohx-2520de1bebe743bed3720c96381428a8 av-styling- avia-align-left  avia-builder-el-6  avia-builder-el-no-sibling '   itemprop=\"image\" itemscope=\"itemscope\" itemtype=\"https:\/\/schema.org\/ImageObject\" ><div class=\"avia-image-container-inner\"><div class=\"avia-image-overlay-wrap\"><img decoding=\"async\" fetchpriority=\"high\" class='wp-image-4206 avia-img-lazy-loading-not-4206 avia_image ' src=\"https:\/\/www.blunk-gruppe.de\/agrar\/wp-content\/uploads\/sites\/9\/2015\/02\/blunk-ruebenwaesche-1-300x199.jpg\" alt='' title='blunk-ruebenwaesche-1'  height=\"199\" width=\"300\"  itemprop=\"thumbnailUrl\" srcset=\"https:\/\/www.blunk-gruppe.de\/agrar\/wp-content\/uploads\/sites\/9\/2015\/02\/blunk-ruebenwaesche-1-300x199.jpg 300w, https:\/\/www.blunk-gruppe.de\/agrar\/wp-content\/uploads\/sites\/9\/2015\/02\/blunk-ruebenwaesche-1-705x467.jpg 705w, https:\/\/www.blunk-gruppe.de\/agrar\/wp-content\/uploads\/sites\/9\/2015\/02\/blunk-ruebenwaesche-1-450x298.jpg 450w, https:\/\/www.blunk-gruppe.de\/agrar\/wp-content\/uploads\/sites\/9\/2015\/02\/blunk-ruebenwaesche-1.jpg 710w\" sizes=\"(max-width: 300px) 100vw, 300px\" \/><\/div><\/div><\/div><\/div>\n\n<style type=\"text\/css\" data-created_by=\"avia_inline_auto\" id=\"style-css-av-1nr4pv9-d61c3174191989b9bcaf64590932deda\">\n.flex_column.av-1nr4pv9-d61c3174191989b9bcaf64590932deda{\nborder-radius:0px 0px 0px 0px;\npadding:0px 0px 0px 0px;\n}\n<\/style>\n<div  class='flex_column av-1nr4pv9-d61c3174191989b9bcaf64590932deda av_one_half  avia-builder-el-7  el_after_av_one_half  el_before_av_one_half  flex_column_div av-zero-column-padding  '     ><style type=\"text\/css\" data-created_by=\"avia_inline_auto\" id=\"style-css-av-1nafq2d-985d6c24d6d77e5ce94c38984349d76f\">\n.avia-image-container.av-1nafq2d-985d6c24d6d77e5ce94c38984349d76f img.avia_image{\nbox-shadow:none;\n}\n.avia-image-container.av-1nafq2d-985d6c24d6d77e5ce94c38984349d76f .av-image-caption-overlay-center{\ncolor:#ffffff;\n}\n<\/style>\n<div  class='avia-image-container av-1nafq2d-985d6c24d6d77e5ce94c38984349d76f av-styling- avia-align-left  avia-builder-el-8  avia-builder-el-no-sibling '   itemprop=\"image\" itemscope=\"itemscope\" itemtype=\"https:\/\/schema.org\/ImageObject\" ><div class=\"avia-image-container-inner\"><div class=\"avia-image-overlay-wrap\"><img decoding=\"async\" fetchpriority=\"high\" class='wp-image-4209 avia-img-lazy-loading-not-4209 avia_image ' src=\"https:\/\/www.blunk-gruppe.de\/agrar\/wp-content\/uploads\/sites\/9\/2015\/02\/blunk-ruebenwaesche-4-300x199.jpg\" alt='' title='blunk-ruebenwaesche-4'  height=\"199\" width=\"300\"  itemprop=\"thumbnailUrl\" srcset=\"https:\/\/www.blunk-gruppe.de\/agrar\/wp-content\/uploads\/sites\/9\/2015\/02\/blunk-ruebenwaesche-4-300x199.jpg 300w, https:\/\/www.blunk-gruppe.de\/agrar\/wp-content\/uploads\/sites\/9\/2015\/02\/blunk-ruebenwaesche-4-705x467.jpg 705w, https:\/\/www.blunk-gruppe.de\/agrar\/wp-content\/uploads\/sites\/9\/2015\/02\/blunk-ruebenwaesche-4-450x298.jpg 450w, https:\/\/www.blunk-gruppe.de\/agrar\/wp-content\/uploads\/sites\/9\/2015\/02\/blunk-ruebenwaesche-4.jpg 710w\" sizes=\"(max-width: 300px) 100vw, 300px\" \/><\/div><\/div><\/div><\/div>\n<div  class='flex_column av-1kw6fxx-6fc605ea07c5a3cc0a4d5c4d833e9feb av_one_half  avia-builder-el-9  el_after_av_one_half  el_before_av_one_half  first flex_column_div  column-top-margin'     ><section  class='av_textblock_section av-1jw659x-a734511d18fc09cd7c3b4759d0226b19 '   itemscope=\"itemscope\" itemtype=\"https:\/\/schema.org\/CreativeWork\" ><div class='avia_textblock'  itemprop=\"text\" ><h2>R\u00fcben kompakt vor Ort verarbeiten lassen<\/h2>\n<p>Unsere mobile R\u00fcbenwaschanlage reinigt direkt vor Ort bis zu 100 Tonnen R\u00fcben pro Stunde &#8211; oder produziert gleich 60 Tonnen pumpf\u00e4higen R\u00fcbenbrei. Mit der hochleistungsf\u00e4higen Technik enterden, waschen, entsteinen und zerkleinern wir die R\u00fcben in nur einem Arbeitsgang. Anschlie\u00dfend bef\u00f6rdern wir sie in einen Beh\u00e4lter oder per Hallenf\u00fcller auf eine bis zu 10 Meter\u00a0 hohe Miete.<\/p>\n<h2>Energie und Fl\u00e4che bereitstellen<\/h2>\n<p>Die Waschanlage transportieren wir per Lkw (21,5 m lang) direkt zum gew\u00fcnschten Einsatzort. F\u00fcr den Aufbau des mit Diesel betriebenen Kompaktsystems ben\u00f6tigen wir vor Ort eine befestigte Fl\u00e4che von ca. 8 x 18 m zuz\u00fcglich der Rangierwege f\u00fcr den Lkw.<\/p>\n<\/div><\/section><\/div>\n\n<style type=\"text\/css\" data-created_by=\"avia_inline_auto\" id=\"style-css-av-1hvbbz9-94a541fb99ef94d5074c6ae2a6cc15b2\">\n.flex_column.av-1hvbbz9-94a541fb99ef94d5074c6ae2a6cc15b2{\nborder-radius:0px 0px 0px 0px;\npadding:0px 0px 0px 0px;\n}\n<\/style>\n<div  class='flex_column av-1hvbbz9-94a541fb99ef94d5074c6ae2a6cc15b2 av_one_half  avia-builder-el-11  el_after_av_one_half  el_before_av_hr  flex_column_div av-zero-column-padding  column-top-margin'     ><section  class='av_textblock_section av-59qi9x-07cc510504dd19cabc09b1a001b64849 '   itemscope=\"itemscope\" itemtype=\"https:\/\/schema.org\/CreativeWork\" ><div class='avia_textblock'  itemprop=\"text\" ><h2>R\u00fcben und Wasser zuf\u00fchren<\/h2>\n<p>Nach der Erstbef\u00fcllung der W\u00e4sche mit 15 m\u00b3 Wasser beginnt die Beschickung der Anlage mit einem leistungsf\u00e4higen Teleskop- oder Radlader. Ein Sch\u00fcttbunker mit integrierter Trockenenterdung \u00fcbernimmt von dort aus die Dosierung und die Zuf\u00fchrung der R\u00fcben zur Wasch- und Entsteinertrommel (60 Uh).<\/p>\n<h2>Saubere R\u00fcben oder gleich fertigen R\u00fcbenbrei erhalten<\/h2>\n<p>Aus dem rohen Erntegut macht unsere flexible R\u00fcbenwaschanlage je nach Wunsch saubere und steinfreie R\u00fcben oder gleich einen pumpf\u00e4higen R\u00fcbenbrei f\u00fcr Ihre Biogasanlage. Die f\u00fcr Biogasanlagen perfekt vorbereiteten R\u00fcben werden am Ende \u00fcber das Austrageband der Anlage (bis 4,20 m H\u00f6he) einfach \u00fcbergeladen, auf Platte abgelegt oder in einer Miete eingelagert.<\/p>\n<\/div><\/section><\/div>\n<div  class='hr av-1eac779-bebe0c277062e5eaf06e78974b8192b4 hr-default  avia-builder-el-13  el_after_av_one_half  el_before_av_one_half '><span class='hr-inner '><span class=\"hr-inner-style\"><\/span><\/span><\/div>\n<div  class='flex_column av-1djh4dx-c891b7ae89fa7c128aec50629edf8bfb av_one_half  avia-builder-el-14  el_after_av_hr  el_before_av_one_half  first flex_column_div  '     ><style type=\"text\/css\" data-created_by=\"avia_inline_auto\" id=\"style-css-av-1bi7ayt-41fe8be9e8ce129c6a1c844af76b26fa\">\n.avia-image-container.av-1bi7ayt-41fe8be9e8ce129c6a1c844af76b26fa img.avia_image{\nbox-shadow:none;\n}\n.avia-image-container.av-1bi7ayt-41fe8be9e8ce129c6a1c844af76b26fa .av-image-caption-overlay-center{\ncolor:#ffffff;\n}\n<\/style>\n<div  class='avia-image-container av-1bi7ayt-41fe8be9e8ce129c6a1c844af76b26fa av-styling- avia-align-left  avia-builder-el-15  avia-builder-el-no-sibling '   itemprop=\"image\" itemscope=\"itemscope\" itemtype=\"https:\/\/schema.org\/ImageObject\" ><div class=\"avia-image-container-inner\"><div class=\"avia-image-overlay-wrap\"><img decoding=\"async\" fetchpriority=\"high\" class='wp-image-4211 avia-img-lazy-loading-not-4211 avia_image ' src=\"https:\/\/www.blunk-gruppe.de\/agrar\/wp-content\/uploads\/sites\/9\/2015\/02\/blunk-ruebenwaesche-6-300x199.jpg\" alt='' title='blunk-ruebenwaesche-6'  height=\"199\" width=\"300\"  itemprop=\"thumbnailUrl\" srcset=\"https:\/\/www.blunk-gruppe.de\/agrar\/wp-content\/uploads\/sites\/9\/2015\/02\/blunk-ruebenwaesche-6-300x199.jpg 300w, https:\/\/www.blunk-gruppe.de\/agrar\/wp-content\/uploads\/sites\/9\/2015\/02\/blunk-ruebenwaesche-6-705x467.jpg 705w, https:\/\/www.blunk-gruppe.de\/agrar\/wp-content\/uploads\/sites\/9\/2015\/02\/blunk-ruebenwaesche-6-450x298.jpg 450w, https:\/\/www.blunk-gruppe.de\/agrar\/wp-content\/uploads\/sites\/9\/2015\/02\/blunk-ruebenwaesche-6.jpg 710w\" sizes=\"(max-width: 300px) 100vw, 300px\" \/><\/div><\/div><\/div><\/div>\n\n<style type=\"text\/css\" data-created_by=\"avia_inline_auto\" id=\"style-css-av-ghkyd-7c02f8ec98816748eb6ccc2a17ea1498\">\n.flex_column.av-ghkyd-7c02f8ec98816748eb6ccc2a17ea1498{\nborder-radius:0px 0px 0px 0px;\npadding:0px 0px 0px 0px;\n}\n<\/style>\n<div  class='flex_column av-ghkyd-7c02f8ec98816748eb6ccc2a17ea1498 av_one_half  avia-builder-el-16  el_after_av_one_half  el_before_av_one_half  flex_column_div av-zero-column-padding  '     ><style type=\"text\/css\" data-created_by=\"avia_inline_auto\" id=\"style-css-av-ftd1h-e2f13170fcd0d571362e0a30e856fce6\">\n.avia-image-container.av-ftd1h-e2f13170fcd0d571362e0a30e856fce6 img.avia_image{\nbox-shadow:none;\n}\n.avia-image-container.av-ftd1h-e2f13170fcd0d571362e0a30e856fce6 .av-image-caption-overlay-center{\ncolor:#ffffff;\n}\n<\/style>\n<div  class='avia-image-container av-ftd1h-e2f13170fcd0d571362e0a30e856fce6 av-styling- avia-align-left  avia-builder-el-17  avia-builder-el-no-sibling '   itemprop=\"image\" itemscope=\"itemscope\" itemtype=\"https:\/\/schema.org\/ImageObject\" ><div class=\"avia-image-container-inner\"><div class=\"avia-image-overlay-wrap\"><img decoding=\"async\" fetchpriority=\"high\" class='wp-image-4204 avia-img-lazy-loading-not-4204 avia_image ' src=\"https:\/\/www.blunk-gruppe.de\/agrar\/wp-content\/uploads\/sites\/9\/2015\/02\/blunk-ruebenwaesche-7-300x199.jpg\" alt='' title='blunk-ruebenwaesche-7'  height=\"199\" width=\"300\"  itemprop=\"thumbnailUrl\" srcset=\"https:\/\/www.blunk-gruppe.de\/agrar\/wp-content\/uploads\/sites\/9\/2015\/02\/blunk-ruebenwaesche-7-300x199.jpg 300w, https:\/\/www.blunk-gruppe.de\/agrar\/wp-content\/uploads\/sites\/9\/2015\/02\/blunk-ruebenwaesche-7-705x467.jpg 705w, https:\/\/www.blunk-gruppe.de\/agrar\/wp-content\/uploads\/sites\/9\/2015\/02\/blunk-ruebenwaesche-7-450x298.jpg 450w, https:\/\/www.blunk-gruppe.de\/agrar\/wp-content\/uploads\/sites\/9\/2015\/02\/blunk-ruebenwaesche-7.jpg 710w\" sizes=\"(max-width: 300px) 100vw, 300px\" \/><\/div><\/div><\/div><\/div>\n<div  class='flex_column av-f2cth-3630b5a79fa25acf174e8c62847c77ce av_one_half  avia-builder-el-18  el_after_av_one_half  el_before_av_one_half  first flex_column_div  column-top-margin'     ><section  class='av_textblock_section av-1572ned-e69145ea49feaf66983e03731d0f9488 '   itemscope=\"itemscope\" itemtype=\"https:\/\/schema.org\/CreativeWork\" ><div class='avia_textblock'  itemprop=\"text\" ><h2>Erde, Schlamm, Steine entsorgen<\/h2>\n<p>F\u00fcr die Aufnahme der abgeriebenen Erde wird der Anlage ein kleinerer landwirtschaftlicher Anh\u00e4nger zur Seite gestellt, f\u00fcr die ausgewaschenen Steine eine sichere Auffangbox und f\u00fcr das Schmutzwasser aus der Waschtrommel (ca. 9m\u00b3 \/ Tag) ein G\u00fcllefass oder Saugwagen. Der Container mit den abgesetzten, festeren Schlammresten wird als Ganzes per Lkw aufgenommen und andernorts geleert.<\/p>\n<\/div><\/section><\/div>\n\n<style type=\"text\/css\" data-created_by=\"avia_inline_auto\" id=\"style-css-av-12r3urp-c6f24f9193f38dd30fe12c76663165e8\">\n.flex_column.av-12r3urp-c6f24f9193f38dd30fe12c76663165e8{\nborder-radius:0px 0px 0px 0px;\npadding:0px 0px 0px 0px;\n}\n<\/style>\n<div  class='flex_column av-12r3urp-c6f24f9193f38dd30fe12c76663165e8 av_one_half  avia-builder-el-20  el_after_av_one_half  el_before_av_hr  flex_column_div av-zero-column-padding  column-top-margin'     ><section  class='av_textblock_section av-120omxx-15c046e10a90f5c3cb45267e8c30f50e '   itemscope=\"itemscope\" itemtype=\"https:\/\/schema.org\/CreativeWork\" ><div class='avia_textblock'  itemprop=\"text\" ><h2>Top!<\/h2>\n<p>Der Wasserbedarf liegt aufgrund des geschlossenen Systems nur bei ca. 0,02 m\u00b3\/t R\u00fcben.<\/p>\n<h2>Zusatzger\u00e4te<\/h2>\n<p>Die ben\u00f6tigten, leistungsf\u00e4higen Zusatzger\u00e4te (Teleskoplader, Anh\u00e4nger, Auffangbox, Saugwagen\/G\u00fcllefass) k\u00f6nnen Sie selbst stellen- oder bei uns dazu buchen.<\/p>\n<\/div><\/section><\/div>\n<div  class='hr av-zcgrv9-bdaef2ff04f5506bbd6112078a321dc9 hr-default  avia-builder-el-22  el_after_av_one_half  el_before_av_one_half '><span class='hr-inner '><span class=\"hr-inner-style\"><\/span><\/span><\/div>\n<div  class='flex_column av-ynchut-144d01445425c290607d7552aa87b47c av_one_half  avia-builder-el-23  el_after_av_hr  el_before_av_one_half  first flex_column_div  '     ><style type=\"text\/css\" data-created_by=\"avia_inline_auto\" id=\"style-css-av-wm5911-13d8ea2bf1f8eee77adc94c0ed3f4640\">\n.avia-image-container.av-wm5911-13d8ea2bf1f8eee77adc94c0ed3f4640 img.avia_image{\nbox-shadow:none;\n}\n.avia-image-container.av-wm5911-13d8ea2bf1f8eee77adc94c0ed3f4640 .av-image-caption-overlay-center{\ncolor:#ffffff;\n}\n<\/style>\n<div  class='avia-image-container av-wm5911-13d8ea2bf1f8eee77adc94c0ed3f4640 av-styling- avia-align-left  avia-builder-el-24  avia-builder-el-no-sibling '   itemprop=\"image\" itemscope=\"itemscope\" itemtype=\"https:\/\/schema.org\/ImageObject\" ><div class=\"avia-image-container-inner\"><div class=\"avia-image-overlay-wrap\"><img decoding=\"async\" fetchpriority=\"high\" class='wp-image-4207 avia-img-lazy-loading-not-4207 avia_image ' src=\"https:\/\/www.blunk-gruppe.de\/agrar\/wp-content\/uploads\/sites\/9\/2015\/02\/blunk-ruebenwaesche-2-300x199.jpg\" alt='' title='blunk-ruebenwaesche-2'  height=\"199\" width=\"300\"  itemprop=\"thumbnailUrl\" srcset=\"https:\/\/www.blunk-gruppe.de\/agrar\/wp-content\/uploads\/sites\/9\/2015\/02\/blunk-ruebenwaesche-2-300x199.jpg 300w, https:\/\/www.blunk-gruppe.de\/agrar\/wp-content\/uploads\/sites\/9\/2015\/02\/blunk-ruebenwaesche-2-705x467.jpg 705w, https:\/\/www.blunk-gruppe.de\/agrar\/wp-content\/uploads\/sites\/9\/2015\/02\/blunk-ruebenwaesche-2-450x298.jpg 450w, https:\/\/www.blunk-gruppe.de\/agrar\/wp-content\/uploads\/sites\/9\/2015\/02\/blunk-ruebenwaesche-2.jpg 710w\" sizes=\"(max-width: 300px) 100vw, 300px\" \/><\/div><\/div><\/div><\/div>\n\n<style type=\"text\/css\" data-created_by=\"avia_inline_auto\" id=\"style-css-av-uhw9l1-bc11d860debd64a7da44cf1aa044a93e\">\n.flex_column.av-uhw9l1-bc11d860debd64a7da44cf1aa044a93e{\nborder-radius:0px 0px 0px 0px;\npadding:0px 0px 0px 0px;\n}\n<\/style>\n<div  class='flex_column av-uhw9l1-bc11d860debd64a7da44cf1aa044a93e av_one_half  avia-builder-el-25  el_after_av_one_half  el_before_av_one_half  flex_column_div av-zero-column-padding  '     ><style type=\"text\/css\" data-created_by=\"avia_inline_auto\" id=\"style-css-av-2xcb9x-26e89361799f4e4a319c7c443d5d0738\">\n.avia-image-container.av-2xcb9x-26e89361799f4e4a319c7c443d5d0738 img.avia_image{\nbox-shadow:none;\n}\n.avia-image-container.av-2xcb9x-26e89361799f4e4a319c7c443d5d0738 .av-image-caption-overlay-center{\ncolor:#ffffff;\n}\n<\/style>\n<div  class='avia-image-container av-2xcb9x-26e89361799f4e4a319c7c443d5d0738 av-styling- avia-align-left  avia-builder-el-26  avia-builder-el-no-sibling '   itemprop=\"image\" itemscope=\"itemscope\" itemtype=\"https:\/\/schema.org\/ImageObject\" ><div class=\"avia-image-container-inner\"><div class=\"avia-image-overlay-wrap\"><img decoding=\"async\" fetchpriority=\"high\" class='wp-image-4208 avia-img-lazy-loading-not-4208 avia_image ' src=\"https:\/\/www.blunk-gruppe.de\/agrar\/wp-content\/uploads\/sites\/9\/2015\/02\/blunk-ruebenwaesche-3-300x199.jpg\" alt='' title='blunk-ruebenwaesche-3'  height=\"199\" width=\"300\"  itemprop=\"thumbnailUrl\" srcset=\"https:\/\/www.blunk-gruppe.de\/agrar\/wp-content\/uploads\/sites\/9\/2015\/02\/blunk-ruebenwaesche-3-300x199.jpg 300w, https:\/\/www.blunk-gruppe.de\/agrar\/wp-content\/uploads\/sites\/9\/2015\/02\/blunk-ruebenwaesche-3-705x467.jpg 705w, https:\/\/www.blunk-gruppe.de\/agrar\/wp-content\/uploads\/sites\/9\/2015\/02\/blunk-ruebenwaesche-3-450x298.jpg 450w, https:\/\/www.blunk-gruppe.de\/agrar\/wp-content\/uploads\/sites\/9\/2015\/02\/blunk-ruebenwaesche-3.jpg 710w\" sizes=\"(max-width: 300px) 100vw, 300px\" \/><\/div><\/div><\/div><\/div>\n<div  class='flex_column av-rwufg5-20417fe9b9ef03fe504b4af58b2d9d31 av_one_half  avia-builder-el-27  el_after_av_one_half  el_before_av_one_half  first flex_column_div  column-top-margin'     ><section  class='av_textblock_section av-pn2jid-9212e82fc900fce5d72093465fa24fc6 '   itemscope=\"itemscope\" itemtype=\"https:\/\/schema.org\/CreativeWork\" ><div class='avia_textblock'  itemprop=\"text\" ><h2>Unsere R\u00fcbenw\u00e4sche auf einen Blick<\/h2>\n<ul>\n<li>komplette R\u00fcbenverarbeitung direkt vor Ort<\/li>\n<li>mit effizienter R\u00fcbenwaschtechnik<\/li>\n<li>und integrierter Produktion von pumpf\u00e4higem R\u00fcbenbrei<\/li>\n<li>sehr geringer Wasserverbrauch im Kreislauf<\/li>\n<li>optimale Entsteinung zur sicheren Weiterverarbeitung<\/li>\n<li>zuverl\u00e4ssige Terminplanung und<\/li>\n<li>flexible Abstimmung auf Ihre Logistik<\/li>\n<li>Zusatzger\u00e4te buchbar nach Bedarf<\/li>\n<\/ul>\n<\/div><\/section><\/div>\n\n<style type=\"text\/css\" data-created_by=\"avia_inline_auto\" id=\"style-css-av-nbrzz9-82c0437cabca4ce96f9a26cf641c689f\">\n.flex_column.av-nbrzz9-82c0437cabca4ce96f9a26cf641c689f{\nborder-radius:0px 0px 0px 0px;\npadding:0px 0px 0px 0px;\n}\n<\/style>\n<div  class='flex_column av-nbrzz9-82c0437cabca4ce96f9a26cf641c689f av_one_half  avia-builder-el-29  el_after_av_one_half  el_before_av_hr  flex_column_div av-zero-column-padding  column-top-margin'     ><section  class='av_textblock_section av-mn52yt-770f9351294a88909c737849fb2edadf '   itemscope=\"itemscope\" itemtype=\"https:\/\/schema.org\/CreativeWork\" ><div class='avia_textblock'  itemprop=\"text\" ><h2>Durchsatz 60 &#8211; 100 Tonnen \/ Stunde<\/h2>\n<ul>\n<li>enterdet<\/li>\n<li>gewaschen<\/li>\n<li>entsteint<\/li>\n<li>ggf. zerkleinert<\/li>\n<li>bef\u00f6rdert<\/li>\n<li>eingelagert<\/li>\n<\/ul>\n<\/div><\/section><\/div>\n<div  class='hr av-bt8ilx-906e46aa74adfcbfff53996c7a691c21 hr-default  avia-builder-el-31  el_after_av_one_half  el_before_av_heading '><span class='hr-inner '><span class=\"hr-inner-style\"><\/span><\/span><\/div>\n\n<style type=\"text\/css\" data-created_by=\"avia_inline_auto\" id=\"style-css-av-av_heading-5e19b9c8c6f4c1c7cda27205de2120ae\">\n#top .av-special-heading.av-av_heading-5e19b9c8c6f4c1c7cda27205de2120ae{\npadding-bottom:10px;\n}\nbody .av-special-heading.av-av_heading-5e19b9c8c6f4c1c7cda27205de2120ae .av-special-heading-tag .heading-char{\nfont-size:25px;\n}\n.av-special-heading.av-av_heading-5e19b9c8c6f4c1c7cda27205de2120ae .av-subheading{\nfont-size:15px;\n}\n<\/style>\n<div  class='av-special-heading av-av_heading-5e19b9c8c6f4c1c7cda27205de2120ae av-special-heading-h2  avia-builder-el-32  el_after_av_hr  el_before_av_contact '><h2 class='av-special-heading-tag '  itemprop=\"headline\"  >Ihre Nachricht an uns<\/h2><div class=\"special-heading-border\"><div class=\"special-heading-inner-border\"><\/div><\/div><\/div>\n<form action=\"https:\/\/www.blunk-gruppe.de\/agrar\/dienstleistungen\/rueben\/ruebenwaesche\/\" method=\"post\" data-fields-with-error=\"Found errors in the following field(s):\" class=\"avia_ajax_form av-form-labels-visible   avia-builder-el-33  el_after_av_heading  avia-builder-el-last   \" data-avia-form-id=\"1\" data-avia-redirect='' ><fieldset><p class='  first_form  form_element form_element_half' id='element_avia_1_1'><label for=\"avia_1_1\">Name <abbr class=\"required\" title=\"required\">*<\/abbr><\/label> <input name=\"avia_1_1\" class=\"text_input is_empty\" type=\"text\" id=\"avia_1_1\" value=\"\" \/><\/p><p class='  form_element form_element_half' id='element_avia_2_1'><label for=\"avia_2_1\">E-Mail <abbr class=\"required\" title=\"required\">*<\/abbr><\/label> <input name=\"avia_2_1\" class=\"text_input is_email\" type=\"text\" id=\"avia_2_1\" value=\"\" \/><\/p><p class='  first_form  form_element form_fullwidth' id='element_avia_3_1'><label for=\"avia_3_1\">Betreff <abbr class=\"required\" title=\"required\">*<\/abbr><\/label> <input name=\"avia_3_1\" class=\"text_input is_empty\" type=\"text\" id=\"avia_3_1\" value=\"\" \/><\/p><p class='  first_form  form_element form_fullwidth av-last-visible-form-element' id='element_avia_4_1'><label for=\"avia_4_1\" class=\"textare_label hidden textare_label_avia_4_1\">Nachricht <abbr class=\"required\" title=\"required\">*<\/abbr><\/label><textarea  name=\"avia_4_1\" class=\"text_area is_empty\" cols=\"40\" rows=\"7\" id=\"avia_4_1\" ><\/textarea><\/p><p class=\"hidden\"><input type=\"text\" name=\"avia_5_1\" class=\"hidden \" id=\"avia_5_1\" value=\"\" \/><\/p><p class=\"form_element \"><input type=\"hidden\" value=\"1\" name=\"avia_generated_form1\" \/><input type=\"submit\" value=\"Senden\" class=\"button\"  data-sending-label=\"Sending\"\/><\/p><\/fieldset><\/form><div id=\"ajaxresponse_1\" class=\"ajaxresponse ajaxresponse_1 hidden\"><\/div>","protected":false},"excerpt":{"rendered":"","protected":false},"author":6,"featured_media":0,"parent":4159,"menu_order":0,"comment_status":"closed","ping_status":"closed","template":"","meta":{"_acf_changed":false,"footnotes":""},"class_list":["post-4165","page","type-page","status-publish","hentry"],"acf":[],"_links":{"self":[{"href":"https:\/\/www.blunk-gruppe.de\/agrar\/wp-json\/wp\/v2\/pages\/4165","targetHints":{"allow":["GET"]}}],"collection":[{"href":"https:\/\/www.blunk-gruppe.de\/agrar\/wp-json\/wp\/v2\/pages"}],"about":[{"href":"https:\/\/www.blunk-gruppe.de\/agrar\/wp-json\/wp\/v2\/types\/page"}],"author":[{"embeddable":true,"href":"https:\/\/www.blunk-gruppe.de\/agrar\/wp-json\/wp\/v2\/users\/6"}],"replies":[{"embeddable":true,"href":"https:\/\/www.blunk-gruppe.de\/agrar\/wp-json\/wp\/v2\/comments?post=4165"}],"version-history":[{"count":4,"href":"https:\/\/www.blunk-gruppe.de\/agrar\/wp-json\/wp\/v2\/pages\/4165\/revisions"}],"predecessor-version":[{"id":9907,"href":"https:\/\/www.blunk-gruppe.de\/agrar\/wp-json\/wp\/v2\/pages\/4165\/revisions\/9907"}],"up":[{"embeddable":true,"href":"https:\/\/www.blunk-gruppe.de\/agrar\/wp-json\/wp\/v2\/pages\/4159"}],"wp:attachment":[{"href":"https:\/\/www.blunk-gruppe.de\/agrar\/wp-json\/wp\/v2\/media?parent=4165"}],"curies":[{"name":"wp","href":"https:\/\/api.w.org\/{rel}","templated":true}]}}